*j = -d + 20, 6 = -5*d - 2*j - 4. Suppose 132 = v - d*v. Calculate the greatest common factor of v and y.
12
Let i be 8650/12 - (3 - 95/30). Let b = i + -437. What is the greatest common factor of 71 and b?
71
Let i(o) = -132*o - 4. Let n be i(-4). Suppose z - 184 = -5*q, n - 177 = 2*z + 3*q. Suppose 3*f - z = 356. Calculate the highest common factor of f and 35.
35
Suppose -a = -2*g - 5914 + 1552, -3*a = -5*g - 13079. What is the greatest common factor of 4 and a?
4
Suppose 0 = i - 27 + 20. Let b(s) = 58*s - 313. Let u be b(i). Calculate the highest common divisor of u and 6.
3
Let v be (-10)/(-4) + (-1)/2. Suppose -4*i - 6 = 5*q + 31, -14 = 4*q - 2*i. Let a be 132/(1 - -2) + q + v. Calculate the highest common factor of 287 and a.
41
Let i be 1 - 18/(-10) - (-11)/55. Suppose -74*j - i*c + 235 = -72*j, -3*c - 535 = -5*j. What is the greatest common divisor of 66 and j?
22
Suppose 0 = -4*w - x + 6*x + 286, 0 = -2*w - 13*x + 236. Calculate the greatest common divisor of w and 948.
79
Let f be (0 - 1)/((-1)/(-8)). Suppose -2*o - 33 = g, -136*o + 2*g = -141*o - 85. Let p be 3 + (f - -4) - o. Calculate the highest common divisor of p and 3.
3
Let r be (13/3)/((-33)/(-52569)). Calculate the highest common factor of r and 118.
59
Let a(c) = -c**3 + 21*c - 5. Let k be a(-5). Let t be 9/(-4) + 57/(-76) - -63. What is the highest common factor of k and t?
15
Let b be 134981/133 - 32/(-304). Calculate the highest common divisor of b and 580.
145
Suppose -3*l + 13 = -11. Let h(s) be the second derivative of s**5/20 + s**4/12 + 20*s**2 - 4*s. Let u be h(0). What is the greatest common factor of u and l?
8
Suppose 229 - 186 = 49*m - 937. Suppose 3*y = -y - 4*d + 64, -3*d = -4*y + 36. Calculate the greatest common factor of m and y.
4
Let i = -49 + 16. Let p = -19 - i. Suppose h - p = 48. What is the highest common divisor of 93 and h?
31
Let a be (-6)/21 + (-6028)/(-77). Let b = a + -43. What is the greatest common factor of b and 21?
7
Let g(c) = -c**2 + 14*c + 819. Let u be g(0). What is the greatest common divisor of u and 1274?
91
Let z(y) = 214*y - 544. Let o be z(6). Calculate the highest common divisor of 380 and o.
20
Suppose -4*h - 3*f + 998 = 0, f - 2 = -0*f. Let t = 914 - 898. Calculate the highest common factor of t and h.
8
Let c(u) = 3*u**2 + 54*u - 12. Let v be c(-18). Let q be (-2 - 2)/v - (-1788)/36. Calculate the highest common factor of q and 50.
50
Let n be 3/(6/10) - 6/3. Let l be ((-10)/(-9) + (-10)/(-45))*n. What is the highest common factor of 76 and l?
4
Let i be 3105/1 + 27 + -25 + 4. Calculate the highest common divisor of i and 51.
51
Let v(f) = -10*f**3 - 6*f**2 - 8*f - 4. Let b be v(-5). Let u be ((-228)/9)/76 + (-214)/(-3). Calculate the highest common divisor of u and b.
71
Let a(t) = t**2 - 3*t + 4. Let k be a(3). Let b be (-336)/(-180)*(299/26 - 4). Calculate the highest common factor of b and k.
2
Let v be (-3 - -3) + (0 - -16). Suppose 612 - 2229 = 21*s. Let h = 93 + s. What is the highest common divisor of v and h?
16
Suppose -4*w = 4*k + 21 - 1, 2*w + 10 = 5*k. Suppose 5*c - 380 = -k*c + s, 0 = 5*s + 25. Calculate the highest common factor of c and 30.
15
Suppose 4*r - 3*r + h = 200, 3*h + 212 = r. Suppose -x - r = -433. What is the highest common factor of x and 10?
10
Let r(o) = -o + 12. Let l be r(-24). Let q(p) = 68*p**2 - 3*p - 8. Let f be q(-2). What is the highest common factor of f and l?
18
Let p be -3*(-4 + -1 + 8). Let a be (p/(-6))/(5/10). Let t be (54/(-1))/(a/(-3)). Calculate the greatest common divisor of t and 36.
18
Let z = -70 + 150. Let v = -95 - -89. Let i be (3/v)/(4/(-40)). What is the greatest common factor of i and z?
5
Let b be 3/(-7) + (-4140)/(-105). Let t(n) = -105*n**2 - 851*n + 16. Let a be t(-8). Calculate the greatest common divisor of b and a.
13
Let i = -103 + 101. Let g be -4*(-4)/(-8) + 32 + i. Calculate the greatest common factor of 8 and g.
4
Suppose m + 3*m - 2*r = -16, -4*m + 12 = 5*r. Let l be (m/3)/(28/(-168)). What is the highest common factor of l and 52?
4
Let q(j) = -j**2 + 62*j - 627. Let l be q(48). Calculate the highest common divisor of l and 531.
9
Let i be (-2)/(-3)*517293/102. Calculate the highest common divisor of 621 and i.
69
Let p = 8149 + -6664. What is the highest common divisor of 81 and p?
27
Let p be -1 + 6 - 7698*10/(-60). Calculate the highest common factor of p and 1736.
56
Suppose -3*u = -4*c + 9*c - 157, -4*u = 2*c - 74. Calculate the highest common factor of c and 16414.
29
Let z = 399 - 238. Let r = 9 - -118. Let j = r - 104. What is the greatest common divisor of j and z?
23
Let g(j) = 3*j**2 - 40*j - 382. Let u be g(38). What is the greatest common factor of u and 30?
30
Suppose -2*l + 7935 = -5*m, -5*m = -m - 4*l + 6360. Let z = -1126 - m. What is the highest common divisor of z and 51?
51
Let i(n) = -10*n + 18. Let s be i(-9). Let a be (s/(-14))/(3/84*-6). What is the greatest common factor of 18 and a?
18
Suppose 0 = 4*s - 112 + 76. Let t = 61 + s. Let u(w) = w**3 + 6*w**2 - 4*w - 4. Let h be u(-6). Calculate the greatest common divisor of t and h.
10
Let r = 9705 - 5515. What is the highest common divisor of 10 and r?
10
Suppose 8*j - c = 13*j + 1128, -2*c = 6. Let v = j - -771. Calculate the highest common factor of 78 and v.
78
Suppose -5*c + c = -508. Let x = c - 63. What is the highest common factor of 8 and x?
8
Let f = 4 - -1. Let z = 1414 - 1254. What is the highest common factor of f and z?
5
Suppose -5*w - 64 + 199 = 0. Suppose -943 = -16*x - 511. Calculate the highest common factor of w and x.
27
Let x = -11792 - -11869. Suppose 0*f + 8 = f. Let b = 30 - f. Calculate the greatest common factor of b and x.
11
Suppose 28*v - 24*v = 2*x - 76, 13*x - 3*v - 655 = 0. Suppose -2*z + 109 = -5*a, -z - 2*a + 49 = a. What is the highest common divisor of x and z?
52
Suppose -t = -2*v + 3*t, -3*v + 2*t - 12 = 0. Let p be (40/v)/(1*(-18)/2025). Calculate the highest common divisor of 30 and p.
30
Let n(f) = -f - 8. Let s be n(-6). Let r be (1 - s) + (29 - 2) + -10. Calculate the highest common factor of r and 116.
4
Suppose 90 = 3*k - 543. Let q = k + -58. Suppose -64 + 13 = -3*p. Calculate the greatest common factor of p and q.
17
Suppose -7*f + 5*f + b = -63, 2*f + 3*b = 19. Suppose 6*m - m - 7540 = 0. What is the highest common factor of f and m?
26
Suppose 16*u + 5*j = 1362, 7*j - 6*j = -6. Suppose -3*y + 2*p + 15 = 0, -5*y + 3*p - 9 + 33 = 0. What is the greatest common factor of y and u?
3
Suppose -78*l + 14*l + 1705 = -33*l. Calculate the greatest common factor of l and 1353.
11
Let b = 14 - 8. Let l be 1 - (2/(-9) - 3501/(-81)). Let c be l/(13 + -6) + 18. Calculate the highest common factor of c and b.
6
Let i be (-1)/(-5) - (-218)/10. Let q be (2/(-4))/(20/(-1160)) + 1. Suppose -40*t + 20 = -q*t. What is the greatest common divisor of t and i?
2
Let m = -24 - -26. Suppose 7 = 3*v - m. Suppose w + 1 = -3*s, 5*s - v*s = -5*w + 34. What is the greatest common factor of w and 88?
8
Suppose -963*v + 988*v - 58075 = 0. Calculate the greatest common divisor of 69 and v.
23
Suppose -h + 2*s + 23 = -s, -84 = -3*h + 4*s. Suppose -8*x = 5*k - 4*x - 44, -k + 20 = -2*x. What is the highest common divisor of h and k?
4
Suppose -3*w = -2*u - 1281 - 2365, u = -2*w + 2433. Suppose 5*j = p - 74, p - 117 = 3*j - 47. Calculate the greatest common divisor of w and p.
64
Let a(s) = -80*s - 136. Let p be a(-3). Calculate the greatest common factor of p and 598.
26
Let o = -15465 - -23163. What is the greatest common divisor of 6 and o?
6
Suppose -2*p - 11234 = -5*r, -2*r + 50*p - 48*p = -4502. Calculate the highest common divisor of 1716 and r.
132
Let p(t) = 5*t**3 - 14*t**2 - t - 6. Let i be 9*(-4)/42*-7. Let u be p(i). Calculate the highest common factor of 24 and u.
12
Let f be (-2692)/(-3) + 190/114. What is the greatest common divisor of 713 and f?
31
Let p(n) = n**3 - 39*n**2 + 17*n - 610. Let s be p(39). Calculate the highest common factor of s and 10812.
53
Suppose 11 - 2 = w. Suppose 5*d - 15 = -2*o - 6, -d = -2*o - w. Suppose -70 = d*u - 10*u. Calculate the greatest common factor of u and 25.
5
Suppose 3*i - 60*b = -58*b + 808, 5*b + 1345 = 5*i. What is the highest common factor of i and 90?
90
Suppose 0*b = -o - b + 32, -3*b = 9. Let x = -30 - 